= -209683*g + 1258065. What is o(6)?
-33
Let c(t) = -6*t**3 + 77*t**2 - 36*t + 601. What is c(13)?
-36
Let b(k) = -k**3 - 80*k**2 - 234*k - 141. Calculate b(-77).
90
Let y(b) = 5*b**2 + 1537*b + 4571. Determine y(-3).
5
Let g(b) = 2*b**2 + 147*b - 1352. Determine g(8).
-48
Let a(n) = n**3 + 38*n**2 + 289*n - 188. Calculate a(-27).
28
Let w(z) = -10*z**3 + 6*z**2 + 47*z + 53. Give w(-6).
2147
Let k(j) = 2*j**2 - 1152*j + 162157. Calculate k(242).
501
Let n(q) = -2*q**3 - 10*q**2 + 16*q + 122. Determine n(-10).
962
Let z(t) = -t**3 - 84*t**2 - 1569*t - 3533. Calculate z(-58).
5
Let o(z) = z**3 - 14*z**2 - 858*z + 7247. Give o(8).
-1
Let z(k) = k**2 + 77776*k + 1477425. Determine z(-19).
42
Let d(k) = -9*k**2 - 35*k + 42862. Give d(-71).
-22
Let l(u) = 5239*u - 34881. Calculate l(7).
1792
Let m(g) = 22*g**2 - 354*g + 16. What is m(15)?
-344
Let x(z) = -220*z**3 + 3*z**2 + 10*z + 8. Calculate x(-1).
221
Let l(a) = a**3 - 394*a**2 + 12246*a - 234. Calculate l(34).
-30
Let b(d) = -2*d**2 - 857*d - 66606. Calculate b(-102).
0
Let x(i) = -589*i - 216229. What is x(-367)?
-66
Let f(l) = 57*l**3 + 534*l**2 + 3*l - 17. Calculate f(-9).
1657
Let a(r) = -r**2 + 18930*r + 1692708. Determine a(-89).
17
Let m(a) = -2*a**3 - 11*a**2 - 3096*a - 18626. Calculate m(-6).
-14
Let z(h) = h**2 + 375*h + 8077. Determine z(-23).
-19
Let w(x) = -x**3 - 156*x**2 - 2712*x + 1083. Calculate w(-136).
-5
Let a(b) = -8857*b - 354276. What is a(-40)?
4
Let f(j) = 8*j**3 - 375*j**2 - 42*j - 237. Calculate f(47).
-2
Let o(l) = l**3 + 13*l**2 + 32*l + 313. Calculate o(-11).
203
Let n(h) = -h**3 + 71*h**2 + 221*h - 241. What is n(74)?
-315
Let r(h) = -h**3 + 40*h**2 - 12191*h + 130599. Determine r(11).
7
Let b(g) = -4*g**2 - 1248*g + 17061. What is b(-325)?
161
Let w(q) = 87*q**2 - 1676*q - 12476. Give w(25).
-1
Let b(s) = 4*s**3 - 587*s**2 - 149*s + 956. What is b(147)?
662
Let n(j) = j**2 - 1461*j + 478. Determine n(0).
478
Let r(t) = 562*t**2 - 1126*t + 25. Give r(2).
21
Let s(q) = 4081*q - 7389. What is s(2)?
773
Let i(u) = u**3 + 483*u**2 - 2434*u + 3011. What is i(-488)?
83
Let j(t) = -t**2 + 288*t - 20144. What is j(118)?
-84
Let o(s) = -12*s**3 + 410*s**2 - 75*s + 137. Calculate o(34).
-101
Let h(o) = -1602*o - 24124. Calculate h(-15).
-94
Let c(f) = 49*f**2 + 69*f - 266. Give c(3).
382
Let q(c) = -2*c**3 + 6*c**2 + 3726*c - 14869. Give q(4).
3
Let x(m) = -7*m**2 - 527*m - 2777. What is x(-68)?
691
Let z(t) = 12*t**2 - 3758*t - 11272. Determine z(-3).
110
Let a(x) = -52*x**2 + 1408*x - 7305. Determine a(7).
3
Let r(u) = 2603*u - 83798. Calculate r(32).
-502
Let a(o) = -3*o**2 - 10531*o + 190530. Give a(18).
0
Let f(z) = -z**3 + 376*z**2 + 20815*z - 466. Calculate f(-49).
24
Let h(j) = j**2 + 3431*j + 108827. Determine h(-32).
59
Let r(k) = k**3 - 103*k**2 + 1550*k + 27. Calculate r(18).
387
Let s(r) = 2*r**3 + 293*r**2 + 2194*r + 12. Give s(-8).
188
Let j(g) = 804755*g - 10461828. Calculate j(13).
-13
Let q(t) = -t**3 + 69*t**2 + 1388*t + 6388. What is q(86)?
24
Let r(n) = -5*n**3 - 181*n**2 - 977*n + 176. Calculate r(-7).
-139
Let b(k) = 2*k**3 + 32*k + 316. What is b(-4)?
60
Let q(r) = 11*r**2 + 1449*r - 30. Calculate q(-132).
366
Let p(l) = -l**3 + 1357*l**2 + 10901*l - 144. Determine p(-8).
8
Let w(k) = -23*k**2 + 184*k - 49. Determine w(9).
-256
Let h(o) = 2*o**2 + 55*o - 2491. What is h(26)?
291
Let r(n) = -n**3 - 42*n**2 - 18074*n - 53874. Calculate r(-3).
-3
Let c(k) = 2*k**3 - 11*k**2 + 34*k - 193. What is c(10)?
1047
Let v(b) = -388*b + 38958. Calculate v(100).
158
Let w(h) = 4*h**3 - 47*h**2 - 137*h - 50. Calculate w(-2).
4
Let r(k) = 116*k - 12061. Give r(104).
3
Let j(v) = -1176*v + 29609. Determine j(23).
2561
Let o(r) = 4*r**2 + 266*r - 4887. Give o(-80).
-567
Let w(d) = d**3 + 893*d**2 + 8123*d + 147638. Calculate w(-884).
10
Let v(f) = -f**2 - 168*f - 5285. Calculate v(-127).
-78
Let n(d) = -609*d**2 + 6147*d - 2. Give n(10).
568
Let r(b) = -62*b + 7215. Calculate r(116).
23
Let i(r) = -r**2 - 940*r + 24306. Determine i(25).
181
Let k(f) = -517*f**2 - 163889*f + 76. Determine k(-317).
76
Let m(v) = -95*v + 7848. Calculate m(82).
58
Let m(h) = -503*h - 23796. What is m(-47)?
-155
Let u(b) = 45*b**2 - 346*b + 218. What is u(8)?
330
Let k(t) = 9*t**2 - 13*t - 9966. Determine k(34).
-4
Let q(l) = -4*l**2 - 1261*l + 6344. Give q(0).
6344
Let j(d) = -94*d**2 - 18*d + 175. What is j(0)?
175
Let q(t) = -2893*t - 940201. Determine q(-325).
24
Let i(x) = -245*x**2 + 5359*x + 669. Calculate i(22).
-13
Let t(o) = o**3 - 109*o**2 - 244*o + 2077. What is t(111)?
-365
Let k(x) = 109*x**2 + 476*x - 12. What is k(-5)?
333
Let x(p) = -p**3 + 87*p**2 + 14875*p + 321. Calculate x(173).
-198
Let f(v) = -v**3 + 46*v**2 + 461*v - 2072. Determine f(54).
-506
Let t(l) = -2616*l + 1470235. Calculate t(562).
43
Let x(n) = -719*n - 8253. What is x(-12)?
375
Let v(a) = -3511*a**2 - 24579*a - 19. Calculate v(-7).
-5
Let l(d) = -170*d + 10758. Determine l(45).
3108
Let l(o) = -2*o**3 + 40*o**2 - 30*o - 19. Calculate l(20).
-619
Let x(m) = 5*m**2 - 117*m + 355. Calculate x(12).
-329
Let w(j) = -12*j**2 + 28*j + 301. What is w(-5)?
-139
Let s(c) = 2042*c - 328824. What is s(161)?
-62
Let x(a) = 79*a - 2202. Calculate x(29).
89
Let u(i) = -7*i**3 + 8*i**2 + 398*i - 820. Determine u(2).
-48
Let f(s) = -2*s**2 - 20492*s + 81984. Give f(4).
-16
Let g(s) = 44220*s + 132669. What is g(-3)?
9
Let u(j) = -616*j**2 + 918*j - 922. Give u(1).
-620
Let g(x) = -2*x**3 + 140*x**2 - 369*x - 1571. Determine g(67).
640
Let a(l) = -25*l**2 - 8587*l + 13111. Calculate a(-345).
1
Let y(z) = 5245*z + 10165. Calculate y(-2).
-325
Let f(p) = 328776*p + 21370434. Calculate f(-65).
-6
Let a(k) = 30*k**3 + 885*k**2 + 440*k + 146. Determine a(-29).
1
Let s(a) = 31*a**2 - 2617*a - 7848. Determine s(-3).
282
Let u(m) = -11*m**2 - 940*m - 5532. Determine u(-6).
-288
Let c(b) = 559*b - 63043. Determine c(113).
124
Let y(j) = -j**3 + 471*j**2 - 2142*j + 127793. What is y(467)?
-165
Let j(z) = -8*z**3 - 11*z**2 + 45*z - 118. Determine j(2).
-136
Let y(r) = -r**2 + 274*r + 25895. What is y(-74)?
143
Let v(j) = -457813*j + 4578179. Calculate v(10).
49
Let p(z) = 2*z**2 + 873*z + 92863. Give p(-253).
12
Let h(w) = -4378*w - 18539. Determine h(-4).
-1027
Let k(z) = -233*z**2 + 1491*z - 15. Give k(7).
-995
Let r(o) = -3*o**2 + 8*o + 3145. Give r(34).
-51
Let w(x) = -766*x**2 + 8430*x - 64. Calculate w(11).
-20
Let x(c) = -c**3 - 93*c**2 + 395*c + 865. Calculate x(-97).
186
Let v(b) = 64*b**2 - 11517*b - 567. What is v(180)?
-27
Let r(x) = -x**2 + 3547*x - 324563. Determine r(94).
19
Let a(w) = -141*w + 8012. Give a(28).
4064
Let s(n) = -3*n**3 - 386*n**2 - 4991*n + 2877. Calculate s(-114).
27
Let d(r) = -18*r**3 - 69*r**2 - 31*r + 7. Calculate d(5).
-4123
Let b(k) = 2*k**3 + 8*k**2 - 108*k + 327. What is b(3)?
129
Let i(k) = -k**3 - 36*k**2 + 293*k + 12768. Give i(-21).
0
Let n(w) = 2*w**2 + 903*w - 20818. What is n(22)?
16
Let c(o) = -596*o + 231. Calculate c(1).
-365
Let s(g) = -g**3 - 26*g**2 - 87*g - 683. Calculate s(-9).
-1277
Let b(j) = -2348*j - 44640. What is b(-19)?
-28
Let u(p) = 7774*p - 38824. Give u(5).
46
Let i(u) = 6*u**2 + 1638*u - 90183. Determine i(-320).
57
Let y(j) = -3469*j - 79905. What is y(-23)?
-118
Let t(f) = 380*f**2 - 1919*f + 133. Determine t(5).
38
Let i(c) = -5*c**2 - 315*c + 3660. What is i(12)?
-840
Let p(l) = 2871*l + 287033. What is p(-100)?
-67
Let d(f) = -3*f**3 + 10*f**2 + 1113*f - 118. What is d(21)?
-118
Let w(t) = -941*t**2 - 807372*t + 5138. Determine w(-858).
-10
Let m(j) = 119*j - 1780. What is m(15)?
5
Let y(v) = v**3 + 159*v**2 + 4757*v - 241. Determine y(-40).
-121
Let r(d) = d**2 + 28*d - 1345. Give r(30).
395
Let r(o) = -6*o**3 + 282*o**2 - 45*o + 1071. Give r(47).
-1044
Let r(q) = -4*q**3 + 27*q**2 + 129*q - 954. Give r(7).
-100
Let k(l) = 5*l**3 - 141*l**2 - 998*l + 28756. Calculate k(28).
28
Let y(u) = -u**3 - 18*u**2 - 72*u + 279. What is y(-15)?
684
Let x(w) = 8*w**2 - 453*w - 4714. Give x(-9).
11
Let t(b) = 5*b**3 - 127*b**2 + 76*b - 639. Determine t(25).
11
Let t(m) = 4*m**3 - 913*m**2 + 28920*m - 50. Give t(38).
26
Let b(k) = 1603*k + 45389. Give b(-26).
3711
Let v(q) = q**3 - 408*q**2 - 17929*q - 171. What is v(-40)?
189
Let f(m) = 5*m**3 + 390*m**2 + 394*m - 40. 